 divisor of 306886036 and 32.
4
Calculate the greatest common divisor of 19350 and 8226.
18
What is the greatest common factor of 224 and 14323120?
112
What is the highest common divisor of 55928429 and 382?
191
What is the greatest common factor of 53821 and 45?
1
Calculate the highest common factor of 6605060 and 7700.
1540
Calculate the highest common factor of 38 and 3055588037.
19
Calculate the highest common divisor of 10568 and 15104314.
2642
Calculate the greatest common divisor of 53697 and 20181.
21
What is the greatest common factor of 365175 and 148500?
675
Calculate the highest common divisor of 411718 and 1390.
278
What is the highest common divisor of 1886 and 467359?
41
What is the greatest common divisor of 5837 and 551681?
13
What is the greatest common factor of 276 and 14920491?
69
What is the greatest common divisor of 19901 and 216993?
7
What is the greatest common factor of 70132 and 420004?
788
Calculate the greatest common divisor of 2332754 and 214250.
1714
What is the highest common divisor of 1444812 and 27?
3
What is the highest common divisor of 841130 and 48374?
722
What is the greatest common divisor of 206 and 970105603?
103
Calculate the highest common divisor of 1456869 and 5792.
181
What is the greatest common factor of 343 and 104769007?
343
Calculate the highest common factor of 35 and 107343740.
35
What is the highest common divisor of 377465508 and 2268?
2268
What is the greatest common factor of 28 and 4384170?
14
What is the highest common divisor of 20723524 and 14150?
566
Calculate the highest common factor of 21560 and 16070824.
4312
Calculate the highest common divisor of 7771127 and 3549.
1183
Calculate the highest common factor of 3668 and 474964.
28
Calculate the greatest common factor of 11139 and 213897.
141
Calculate the highest common factor of 2638 and 2462573.
1319
What is the greatest common divisor of 259485551 and 962?
481
What is the greatest common divisor of 51126680 and 5280?
440
What is the highest common divisor of 2506 and 4954810?
14
Calculate the highest common factor of 1205464 and 2144.
536
Calculate the highest common factor of 2418300 and 828.
36
Calculate the highest common factor of 3384512 and 452.
4
Calculate the greatest common factor of 555 and 341672763.
111
Calculate the greatest common divisor of 6585 and 19752805.
2195
Calculate the greatest common divisor of 16825 and 35825.
25
Calculate the greatest common factor of 11 and 33640321.
11
What is the greatest common factor of 26 and 20242742?
26
What is the highest common factor of 23307612 and 816?
204
What is the greatest common factor of 95857422 and 138?
138
Calculate the highest common factor of 8730 and 88612798.
194
What is the highest common factor of 13020 and 144212?
124
Calculate the greatest common factor of 3650 and 776491875.
1825
What is the highest common factor of 7190 and 5765?
5
Calculate the greatest common factor of 770716155 and 123.
123
What is the greatest common factor of 1128 and 1954072?
376
What is the highest common divisor of 1593 and 1138806?
27
Calculate the greatest common factor of 294255 and 3134430.
585
Calculate the greatest common factor of 9305 and 3505.
5
What is the greatest common divisor of 546 and 8610771?
39
Calculate the highest common divisor of 34 and 34711518.
34
What is the highest common factor of 14773586 and 192067?
5191
Calculate the greatest common divisor of 1061 and 15216862.
1061
What is the greatest common divisor of 3995 and 1446105?
85
What is the highest common divisor of 2396 and 1819163?
599
What is the highest common factor of 6033232 and 72?
8
Calculate the highest common factor of 689445 and 1065.
15
Calculate the greatest common factor of 1508087 and 57477.
2737
What is the highest common factor of 17378802 and 1962?
18
What is the highest common factor of 902 and 14423554?
82
Calculate the highest common factor of 11866736 and 60368.
112
What is the highest common divisor of 350 and 265426?
14
Calculate the highest common factor of 17917 and 756409.
779
What is the greatest common factor of 2658141990 and 9?
9
Calculate the highest common factor of 296 and 1494648152.
296
What is the greatest common divisor of 13572 and 126462388?
1508
Calculate the greatest common divisor of 32080 and 284188700.
8020
Calculate the greatest common factor of 36556 and 604432.
148
What is the highest common factor of 89112 and 24722?
94
Calculate the greatest common divisor of 9 and 440564499.
9
Calculate the highest common factor of 240 and 91104.
48
Calculate the highest common factor of 139984 and 1339.
13
What is the highest common factor of 543 and 5594529?
543
What is the greatest common factor of 12348 and 26253?
9
Calculate the greatest common divisor of 6384988 and 58.
58
What is the greatest common factor of 11756 and 49007825?
2939
What is the highest common divisor of 2403918 and 49533?
627
What is the highest common factor of 1185 and 147270?
15
Calculate the highest common factor of 38 and 66282374.
38
Calculate the highest common factor of 33609469 and 1447.
1447
Calculate the greatest common factor of 6753252 and 10164.
1452
Calculate the highest common divisor of 80 and 11498530.
10
Calculate the greatest common factor of 19776 and 14568.
24
Calculate the greatest common divisor of 16328010 and 291.
291
Calculate the greatest common factor of 10 and 768326970.
10
Calculate the greatest common divisor of 107883657 and 324.
81
Calculate the greatest common divisor of 199025392 and 272.
272
Calculate the greatest common divisor of 30919110 and 45.
15
Calculate the highest common divisor of 174 and 268641442.
58
What is the greatest common divisor of 105 and 10736201?
7
What is the highest common divisor of 66671 and 41718501?
3509
What is the greatest common divisor of 4986265 and 74898?
1387
What is the highest common divisor of 248955635 and 309?
103
Calculate the highest common factor of 27824538 and 413826.
7014
What is the highest common divisor of 10593592 and 8?
8
What is the greatest common divisor of 2230757 and 1377?
17
Calculate the greatest common divisor of 1905 and 3908425.
635
What is the greatest common factor of 62566626 and 16752?
2094
Calculate the greatest common divisor of 9992 and 198.
2
What is the highest common factor of 2566 and 119012363?
1283
What is the highest common divisor of 62377 and 78071?
133
Calculate the greatest common divisor of 8576 and 12693016.
536
What is the greatest common factor of 142829 and 34484?
233
What is the greatest common factor of 98 and 16560677?
49
What is the greatest common factor of 9051 and 257838?
21
What is the highest common factor of 238 and 2586754?
34
Calculate the highest common divisor of 39106292 and 24913.
3559
What is the greatest common factor of 2436049 and 87703?
1309
Calculate the greatest common divisor of 11913 and 159588.
33
What is the greatest common factor of 6678195 and 3570?
255
What is the greatest common factor of 169 and 5047523?
169
What is the greatest common factor of 82648076 and 14?
14
What is the greatest common divisor of 223177407 and 3?
3
Calculate the highest common factor of 12380 and 1460.
20
What is the highest common divisor of 1548 and 12825567?
387
Calculate the highest common divisor of 2874 and 23847015.
1437
What is the highest common factor of 4579 and 70927?
19
What is the greatest common divisor of 832736 and 103880?
424
What is the greatest common factor of 492252221 and 51?
17
What is the highest common factor of 1042809 and 149637?
93
What is the highest common divisor of 145 and 414106718?
29
Calculate the greatest common divisor of 780 and 442208.
52
What is the greatest common divisor of 157436895 and 4125?
165
Calculate the highest common factor of 5140427 and 2839.
167
What is the greatest common factor of 4281500 and 5500?
500
What is the greatest common divisor of 2225216152 and 472?
472
What is the highest common factor of 940 and 43265060?
20
What is the highest common factor of 18411 and 754987?
17
What is the highest common divisor of 3960606 and 390?
78
What is the highest common factor of 23386453 and 43?
43
What is the highest common divisor of 696197 and 26933472?
10391
Calculate the highest common divisor of 6324 and 10